the prime factors of 3312?
2, 3, 23
List the prime factors of 5483.
5483
What are the prime factors of 5993?
13, 461
What are the prime factors of 1687?
7, 241
What are the prime factors of 62?
2, 31
List the prime factors of 1557.
3, 173
List the prime factors of 8355.
3, 5, 557
What are the prime factors of 7?
7
What are the prime factors of 767?
13, 59
List the prime factors of 2330.
2, 5, 233
What are the prime factors of 963?
3, 107
List the prime factors of 3270.
2, 3, 5, 109
List the prime factors of 4264.
2, 13, 41
List the prime factors of 36229.
36229
List the prime factors of 241.
241
What are the prime factors of 485?
5, 97
What are the prime factors of 967?
967
List the prime factors of 630.
2, 3, 5, 7
List the prime factors of 53255.
5, 10651
List the prime factors of 5597.
29, 193
What are the prime factors of 90438?
2, 3, 15073
List the prime factors of 412.
2, 103
List the prime factors of 148.
2, 37
What are the prime factors of 1309?
7, 11, 17
What are the prime factors of 5569?
5569
What are the prime factors of 1927?
41, 47
What are the prime factors of 47028?
2, 3, 3919
What are the prime factors of 10485?
3, 5, 233
List the prime factors of 52166.
2, 26083
List the prime factors of 7001.
7001
What are the prime factors of 79519?
11, 7229
What are the prime factors of 6485?
5, 1297
List the prime factors of 1142.
2, 571
List the prime factors of 7945.
5, 7, 227
List the prime factors of 5559.
3, 17, 109
What are the prime factors of 11159?
11159
What are the prime factors of 32657?
17, 113
What are the prime factors of 134815?
5, 59, 457
What are the prime factors of 54878?
2, 23, 1193
What are the prime factors of 251?
251
What are the prime factors of 4220?
2, 5, 211
What are the prime factors of 43841?
7, 6263
What are the prime factors of 872?
2, 109
What are the prime factors of 1592?
2, 199
What are the prime factors of 7758?
2, 3, 431
What are the prime factors of 2244?
2, 3, 11, 17
List the prime factors of 72613.
72613
What are the prime factors of 692?
2, 173
What are the prime factors of 29749?
71, 419
List the prime factors of 17813.
47, 379
What are the prime factors of 42057?
3, 4673
List the prime factors of 3082.
2, 23, 67
What are the prime factors of 8997?
3, 2999
What are the prime factors of 7583?
7583
List the prime factors of 8787.
3, 29, 101
List the prime factors of 70244.
2, 17, 1033
What are the prime factors of 10208?
2, 11, 29
What are the prime factors of 1540?
2, 5, 7, 11
What are the prime factors of 2043?
3, 227
List the prime factors of 130148.
2, 32537
What are the prime factors of 178863?
3, 59621
What are the prime factors of 9475?
5, 379
List the prime factors of 291.
3, 97
List the prime factors of 14752.
2, 461
What are the prime factors of 4308?
2, 3, 359
List the prime factors of 26230.
2, 5, 43, 61
What are the prime factors of 12579?
3, 7, 599
What are the prime factors of 18096?
2, 3, 13, 29
List the prime factors of 10792.
2, 19, 71
List the prime factors of 2317.
7, 331
What are the prime factors of 11864?
2, 1483
What are the prime factors of 10764?
2, 3, 13, 23
What are the prime factors of 126795?
3, 5, 79, 107
List the prime factors of 9643.
9643
What are the prime factors of 12432?
2, 3, 7, 37
List the prime factors of 15107.
15107
What are the prime factors of 4103?
11, 373
List the prime factors of 37976.
2, 47, 101
What are the prime factors of 788?
2, 197
List the prime factors of 1728.
2, 3
What are the prime factors of 5027?
11, 457
List the prime factors of 372.
2, 3, 31
List the prime factors of 4639.
4639
What are the prime factors of 5635?
5, 7, 23
List the prime factors of 32942.
2, 7, 13, 181
What are the prime factors of 77511?
3, 7, 3691
List the prime factors of 71621.
11, 17, 383
What are the prime factors of 5691?
3, 7, 271
List the prime factors of 109078.
2, 54539
List the prime factors of 1054.
2, 17, 31
What are the prime factors of 7996?
2, 1999
List the prime factors of 5879.
5879
List the prime factors of 119.
7, 17
What are the prime factors of 52013?
13, 4001
What are the prime factors of 81058?
2, 40529
What are the prime factors of 354?
2, 3, 59
List the prime factors of 1509.
3, 503
List the prime factors of 162.
2, 3
List the prime factors of 68699.
68699
List the prime factors of 11728.
2, 733
List the prime factors of 1974.
2, 3, 7, 47
What are the prime factors of 78627?
3, 26209
What are the prime factors of 685?
5, 137
What are the prime factors of 1109?
1109
List the prime factors of 16555.
5, 7, 11, 43
What are the prime factors of 183?
3, 61
What are the prime factors of 72925?
5, 2917
What are the prime factors of 89315?
5, 17863
List the prime factors of 2004.
2, 3, 167
What are the prime factors of 8328?
2, 3, 347
What are the prime factors of 349?
349
List the prime factors of 35734.
2, 17, 1051
List the prime factors of 22.
2, 11
List the prime factors of 445.
5, 89
What are the prime factors of 30284?
2, 67, 113
List the prime factors of 60444.
2, 3, 23, 73
What are the prime factors of 44700?
2, 3, 5, 149
List the prime factors of 56144.
2, 11, 29
List the prime factors of 19201.
7, 13, 211
What are the prime factors of 108?
2, 3
List the prime factors of 2992.
2, 11, 17
What are the prime factors of 8122?
2, 31, 131
List the prime factors of 4288.
2, 67
List the prime factors of 4349.
4349
List the prime factors of 34337.
34337
List the prime factors of 52948.
2, 7, 31, 61
List the prime factors of 12652.
2, 3163
What are the prime factors of 882?
2, 3, 7
List the prime factors of 2609.
2609
What are the prime factors of 6101?
6101
List the prime factors of 52394.
2, 17, 23, 67
What are the prime factors of 929?
929
What are the prime factors of 28806?
2, 3, 4801
List the prime factors of 10482.
2, 3, 1747
List the prime factors of 6235.
5, 29, 43
List the prime factors of 2096.
2, 131
List the prime factors of 1408.
2, 11
List the prime factors of 1481.
1481
List the prime factors of 2084.
2, 521
What are the prime factors of 30939?
3, 10313
List the prime factors of 85869.
3, 7, 29, 47
List the prime factors of 1810.
2, 5, 181
List the prime factors of 3120.
2, 3, 5, 13
List the prime factors of 562.
2, 281
List the prime factors of 2028.
2, 3, 13
What are the prime factors of 5963?
67, 89
What are the prime factors of 7588?
2, 7, 271
List the prime factors of 15558.
2, 3, 2593
List the prime factors of 5875.
5, 47
What are the prime factors of 7696?
2, 13, 37
List the prime factors of 7258.
2, 19, 191
What are the prime factors of 32732?
2, 7, 167
What are the prime factors of 1991?
11, 181
List the prime factors of 30183.
3, 10061
List the prime factors of 99.
3, 11
What are the prime factors of 9698?
2, 13, 373
What are the prime factors of 12971?
7, 17, 109
What are the prime factors of 2005?
5, 401
What are the prime factors of 368?
2, 23
List the prime factors of 94.
2, 47
List the prime factors of 1956.
2, 3, 163
List the prime factors of 42433.
42433
List the prime factors of 382.
2, 191
List the prime factors of 6280.
2, 5, 157
What are the prime factors of 1128?
2, 3, 47
What are the prime factors of 12281?
12281
What are the prime factors of 2406?
2, 3, 401
List the prime factors of 10233.
3, 379
What are the prime factors of 10244?
2, 13, 197
List the prime factors of 9484.
2, 2371
What are the prime factors of 16760?
2, 5, 419
List the prime factors of 8403.
3, 2801
What are the prime factors of 2101?
11, 191
What are the prime factors of 59226?
2, 3, 9871
List the prime factors of 1135.
5, 227
What are the prime factors of 2997?
3, 37
What are the prime factors of 1124?
2, 281
What are the prime factors of 25977?
3, 7, 1237
What are the prime factors of 1605?
3, 5, 107
List the prime factors of 10534.
2, 23, 229
List the prime factors of 455.
5, 7, 13
What are the prime factors of 1470?
2, 3, 5, 7
What are the prime factors of 19137?
3, 6379
List the prime factors of 7585.
5, 37, 41
List the prime factors of 8089.
8089
What are the prime factors of 1215?
3, 5
List the prime factors of 6285.
3, 5, 419
What are the prime factors of 167?
167
What are the prime factors of 119?
7, 17
List the prime factors of 66039.
3, 22013
List the prime factors of 847.
7, 11
List the prime factors of 14055.
3, 5, 937
What ar